{"id":4707,"date":"2023-11-04T17:29:14","date_gmt":"2023-11-04T17:29:14","guid":{"rendered":"https:\/\/nar6.com\/?page_id=4707"},"modified":"2023-11-07T15:55:27","modified_gmt":"2023-11-07T15:55:27","slug":"mentions-legales-2","status":"publish","type":"page","link":"https:\/\/nar6.com\/index.php\/mentions-legales-2\/","title":{"rendered":"Mentions L\u00e9gales"},"content":{"rendered":"[et_pb_section fb_built=\u00a0\u00bb1&Prime; _builder_version=\u00a0\u00bb4.23&Prime; _module_preset=\u00a0\u00bbdefault\u00a0\u00bb hover_enabled=\u00a0\u00bb0&Prime; global_colors_info=\u00a0\u00bb{}\u00a0\u00bb admin_label=\u00a0\u00bbMentions L\u00e9gales\u00a0\u00bb sticky_enabled=\u00a0\u00bb0&Prime;][et_pb_row _builder_version=\u00a0\u00bb4.23&Prime; _module_preset=\u00a0\u00bbdefault\u00a0\u00bb global_colors_info=\u00a0\u00bb{}\u00a0\u00bb][et_pb_column type=\u00a0\u00bb4_4&Prime; _builder_version=\u00a0\u00bb4.23&Prime; _module_preset=\u00a0\u00bbdefault\u00a0\u00bb global_colors_info=\u00a0\u00bb{}\u00a0\u00bb][et_pb_text _builder_version=\u00a0\u00bb4.23&Prime; _module_preset=\u00a0\u00bbdefault\u00a0\u00bb hover_enabled=\u00a0\u00bb0&Prime; global_colors_info=\u00a0\u00bb{}\u00a0\u00bb sticky_enabled=\u00a0\u00bb0&Prime;]\n<p class=\"p1\"><span class=\"s1\"><b>MENTIONS L\u00c9GALES<\/b><\/span><\/p>\n<p class=\"p2\"><span class=\"s1\"><b><\/b><\/span><\/p>\n<p class=\"p3\"><span class=\"s2\"><b>COPYRIGHT<\/b><\/span><\/p>\n<p class=\"p4\"><span class=\"s2\"><b><\/b><\/span><\/p>\n<p class=\"p5\">\u00a9 Nar6 Toute reproduction ou repr\u00e9sentation totale ou partielle de ce site par quelque proc\u00e9d\u00e9 que ce soit, sans autorisation expresse, est interdite et constituerait une contrefa\u00e7on sanctionn\u00e9e par les articles L.335-2 et suivants du Code de la propri\u00e9t\u00e9 intellectuelle. Toute reproduction totale ou partielle des logos, images, scripts, code HTML, balises meta effectu\u00e9e \u00e0 partir des \u00e9l\u00e9ments du site sans notre autorisation expresse est prohib\u00e9e au sens de l\u2019article L.713-2 du Code de la propri\u00e9t\u00e9 intellectuelle.<\/p>\n<p class=\"p3\"><span class=\"s2\"><b>H\u00c9BERGEMENT<\/b><\/span><\/p>\n<p class=\"p4\"><span class=\"s2\"><b><\/b><\/span><\/p>\n<p class=\"p6\">Monarobase SARL au capital de 1500 euros &#8211; Siret : 500 518 543 00029<\/p>\n<p class=\"p6\">3 Avenue Ren\u00e9 La\u00ebnnec<br \/>72000 Le Mans<\/p>\n<p class=\"p6\">T\u00e9l. : 0033 (0)9 72 21 22 90<\/p>\n<p class=\"p3\"><span class=\"s2\"><b>\u00c9DITEUR<\/b><\/span><\/p>\n<p class=\"p4\"><span class=\"s2\"><b><\/b><\/span><\/p>\n<p class=\"p3\">Le pr\u00e9sent site est la propri\u00e9t\u00e9 de la soci\u00e9t\u00e9 Nar6 Image Agency SAS au capital variable immatricul\u00e9e sous le num\u00e9ro 977804277 00019 au RCS de PARIS, dont le si\u00e8ge social est situ\u00e9 au 231, rue Saint Honor\u00e9 \u00e0 Paris. L\u2019activit\u00e9 de la soci\u00e9t\u00e9 se situe \u00e0 Paris au 19, rue Michel Le Comte.<br \/>SIRET : 977804277 00019 | NAF : 7420Z | N\u00b0 de TVA : FR 50977804277<\/p>\n<p class=\"p3\">T\u00e9l\u00a0: 06 62 04 88 17<span class=\"Apple-converted-space\">\u00a0 <\/span>| Email\u00a0: studio@nar6.com | <a href=\"https:\/\/nar6.com\"><span class=\"s3\">www.nar6.com<\/span><\/a><\/p>\n<p class=\"p4\">\n<p class=\"p3\"><span class=\"s2\"><b>CGV<\/b><\/span><\/p>\n<p class=\"p4\">\n<p class=\"p7\">Lire nos Conditions g\u00e9n\u00e9rales d\u2019utilisation et de vente.<\/p>\n<p class=\"p3\"><span class=\"s2\"><b>Protection des donn\u00e9es personnelles<\/b><\/span><\/p>\n<p class=\"p4\"><span class=\"s2\"><b><\/b><\/span><\/p>\n<p class=\"p7\"><span class=\"s4\">Nar6 Image Agency s\u2019engage \u00e0 se conformer aux obligations lui incombant en vertu des r\u00e9glementations applicables et, particuli\u00e8rement, du R\u00e8glement G\u00e9n\u00e9ral sur la Protection des Donn\u00e9es (RGPD). <\/span>Vous disposez d&rsquo;un droit d&rsquo;acc\u00e8s, de modification, de rectification et de suppression des donn\u00e9es qui vous concernent. Vous pouvez exercer ce droit en nous contactant \u00e0 <a href=\"mailto:studio@nar6.com\"><span class=\"s5\">studio@nar6.com<\/span><\/a>.<\/p>\n[\/et_pb_text][\/et_pb_column][\/et_pb_row][et_pb_row _builder_version=\u00a0\u00bb4.23&Prime; _module_preset=\u00a0\u00bbdefault\u00a0\u00bb custom_padding=\u00a0\u00bb109px|||||\u00a0\u00bb][et_pb_column _builder_version=\u00a0\u00bb4.23&Prime; _module_preset=\u00a0\u00bbdefault\u00a0\u00bb type=\u00a0\u00bb4_4&Prime;][\/et_pb_column][\/et_pb_row][\/et_pb_section]\n","protected":false},"excerpt":{"rendered":"<p>MENTIONS L\u00c9GALES COPYRIGHT \u00a9 Nar6 Toute reproduction ou repr\u00e9sentation totale ou partielle de ce site par quelque proc\u00e9d\u00e9 que ce soit, sans autorisation expresse, est interdite et constituerait une contrefa\u00e7on sanctionn\u00e9e par les articles L.335-2 et suivants du Code de la propri\u00e9t\u00e9 intellectuelle. Toute reproduction totale ou partielle des logos, images, scripts, code HTML, balises [&hellip;]<\/p>\n","protected":false},"author":1,"featured_media":0,"parent":0,"menu_order":0,"comment_status":"closed","ping_status":"closed","template":"","meta":{"_et_pb_use_builder":"on","_et_pb_old_content":"","_et_gb_content_width":"","footnotes":""},"class_list":["post-4707","page","type-page","status-publish","hentry"],"yoast_head":"<!-- This site is optimized with the Yoast SEO plugin v27.5 - https:\/\/yoast.com\/product\/yoast-seo-wordpress\/ -->\n<title>Mentions L\u00e9gales - Nar6<\/title>\n<meta name=\"robots\" content=\"index, follow, max-snippet:-1, max-image-preview:large, max-video-preview:-1\" \/>\n<link rel=\"canonical\" href=\"https:\/\/nar6.com\/index.php\/mentions-legales-2\/\" \/>\n<meta property=\"og:locale\" content=\"fr_FR\" \/>\n<meta property=\"og:type\" content=\"article\" \/>\n<meta property=\"og:title\" content=\"Mentions L\u00e9gales - Nar6\" \/>\n<meta property=\"og:description\" content=\"MENTIONS L\u00c9GALES COPYRIGHT \u00a9 Nar6 Toute reproduction ou repr\u00e9sentation totale ou partielle de ce site par quelque proc\u00e9d\u00e9 que ce soit, sans autorisation expresse, est interdite et constituerait une contrefa\u00e7on sanctionn\u00e9e par les articles L.335-2 et suivants du Code de la propri\u00e9t\u00e9 intellectuelle. Toute reproduction totale ou partielle des logos, images, scripts, code HTML, balises [&hellip;]\" \/>\n<meta property=\"og:url\" content=\"https:\/\/nar6.com\/index.php\/mentions-legales-2\/\" \/>\n<meta property=\"og:site_name\" content=\"Nar6\" \/>\n<meta property=\"article:modified_time\" content=\"2023-11-07T15:55:27+00:00\" \/>\n<meta name=\"twitter:card\" content=\"summary_large_image\" \/>\n<script type=\"application\/ld+json\" class=\"yoast-schema-graph\">{\"@context\":\"https:\\\/\\\/schema.org\",\"@graph\":[{\"@type\":\"WebPage\",\"@id\":\"https:\\\/\\\/nar6.com\\\/index.php\\\/mentions-legales-2\\\/\",\"url\":\"https:\\\/\\\/nar6.com\\\/index.php\\\/mentions-legales-2\\\/\",\"name\":\"Mentions L\u00e9gales - Nar6\",\"isPartOf\":{\"@id\":\"https:\\\/\\\/nar6.com\\\/#website\"},\"datePublished\":\"2023-11-04T17:29:14+00:00\",\"dateModified\":\"2023-11-07T15:55:27+00:00\",\"breadcrumb\":{\"@id\":\"https:\\\/\\\/nar6.com\\\/index.php\\\/mentions-legales-2\\\/#breadcrumb\"},\"inLanguage\":\"fr-FR\",\"potentialAction\":[{\"@type\":\"ReadAction\",\"target\":[\"https:\\\/\\\/nar6.com\\\/index.php\\\/mentions-legales-2\\\/\"]}]},{\"@type\":\"BreadcrumbList\",\"@id\":\"https:\\\/\\\/nar6.com\\\/index.php\\\/mentions-legales-2\\\/#breadcrumb\",\"itemListElement\":[{\"@type\":\"ListItem\",\"position\":1,\"name\":\"Accueil\",\"item\":\"https:\\\/\\\/nar6.com\\\/\"},{\"@type\":\"ListItem\",\"position\":2,\"name\":\"Mentions L\u00e9gales\"}]},{\"@type\":\"WebSite\",\"@id\":\"https:\\\/\\\/nar6.com\\\/#website\",\"url\":\"https:\\\/\\\/nar6.com\\\/\",\"name\":\"Nar6\",\"description\":\"Le futur de la photo\",\"publisher\":{\"@id\":\"https:\\\/\\\/nar6.com\\\/#organization\"},\"potentialAction\":[{\"@type\":\"SearchAction\",\"target\":{\"@type\":\"EntryPoint\",\"urlTemplate\":\"https:\\\/\\\/nar6.com\\\/?s={search_term_string}\"},\"query-input\":{\"@type\":\"PropertyValueSpecification\",\"valueRequired\":true,\"valueName\":\"search_term_string\"}}],\"inLanguage\":\"fr-FR\"},{\"@type\":\"Organization\",\"@id\":\"https:\\\/\\\/nar6.com\\\/#organization\",\"name\":\"NAR6 Pictures\",\"url\":\"https:\\\/\\\/nar6.com\\\/\",\"logo\":{\"@type\":\"ImageObject\",\"inLanguage\":\"fr-FR\",\"@id\":\"https:\\\/\\\/nar6.com\\\/#\\\/schema\\\/logo\\\/image\\\/\",\"url\":\"https:\\\/\\\/nar6.com\\\/wp-content\\\/uploads\\\/2022\\\/05\\\/logo-nar6-pictures-by-pp.png\",\"contentUrl\":\"https:\\\/\\\/nar6.com\\\/wp-content\\\/uploads\\\/2022\\\/05\\\/logo-nar6-pictures-by-pp.png\",\"width\":758,\"height\":242,\"caption\":\"NAR6 Pictures\"},\"image\":{\"@id\":\"https:\\\/\\\/nar6.com\\\/#\\\/schema\\\/logo\\\/image\\\/\"},\"sameAs\":[\"https:\\\/\\\/www.instagram.com\\\/nar6pictures\\\/\"]}]}<\/script>\n<!-- \/ Yoast SEO plugin. -->","yoast_head_json":{"title":"Mentions L\u00e9gales - Nar6","robots":{"index":"index","follow":"follow","max-snippet":"max-snippet:-1","max-image-preview":"max-image-preview:large","max-video-preview":"max-video-preview:-1"},"canonical":"https:\/\/nar6.com\/index.php\/mentions-legales-2\/","og_locale":"fr_FR","og_type":"article","og_title":"Mentions L\u00e9gales - Nar6","og_description":"MENTIONS L\u00c9GALES COPYRIGHT \u00a9 Nar6 Toute reproduction ou repr\u00e9sentation totale ou partielle de ce site par quelque proc\u00e9d\u00e9 que ce soit, sans autorisation expresse, est interdite et constituerait une contrefa\u00e7on sanctionn\u00e9e par les articles L.335-2 et suivants du Code de la propri\u00e9t\u00e9 intellectuelle. Toute reproduction totale ou partielle des logos, images, scripts, code HTML, balises [&hellip;]","og_url":"https:\/\/nar6.com\/index.php\/mentions-legales-2\/","og_site_name":"Nar6","article_modified_time":"2023-11-07T15:55:27+00:00","twitter_card":"summary_large_image","schema":{"@context":"https:\/\/schema.org","@graph":[{"@type":"WebPage","@id":"https:\/\/nar6.com\/index.php\/mentions-legales-2\/","url":"https:\/\/nar6.com\/index.php\/mentions-legales-2\/","name":"Mentions L\u00e9gales - Nar6","isPartOf":{"@id":"https:\/\/nar6.com\/#website"},"datePublished":"2023-11-04T17:29:14+00:00","dateModified":"2023-11-07T15:55:27+00:00","breadcrumb":{"@id":"https:\/\/nar6.com\/index.php\/mentions-legales-2\/#breadcrumb"},"inLanguage":"fr-FR","potentialAction":[{"@type":"ReadAction","target":["https:\/\/nar6.com\/index.php\/mentions-legales-2\/"]}]},{"@type":"BreadcrumbList","@id":"https:\/\/nar6.com\/index.php\/mentions-legales-2\/#breadcrumb","itemListElement":[{"@type":"ListItem","position":1,"name":"Accueil","item":"https:\/\/nar6.com\/"},{"@type":"ListItem","position":2,"name":"Mentions L\u00e9gales"}]},{"@type":"WebSite","@id":"https:\/\/nar6.com\/#website","url":"https:\/\/nar6.com\/","name":"Nar6","description":"Le futur de la photo","publisher":{"@id":"https:\/\/nar6.com\/#organization"},"potentialAction":[{"@type":"SearchAction","target":{"@type":"EntryPoint","urlTemplate":"https:\/\/nar6.com\/?s={search_term_string}"},"query-input":{"@type":"PropertyValueSpecification","valueRequired":true,"valueName":"search_term_string"}}],"inLanguage":"fr-FR"},{"@type":"Organization","@id":"https:\/\/nar6.com\/#organization","name":"NAR6 Pictures","url":"https:\/\/nar6.com\/","logo":{"@type":"ImageObject","inLanguage":"fr-FR","@id":"https:\/\/nar6.com\/#\/schema\/logo\/image\/","url":"https:\/\/nar6.com\/wp-content\/uploads\/2022\/05\/logo-nar6-pictures-by-pp.png","contentUrl":"https:\/\/nar6.com\/wp-content\/uploads\/2022\/05\/logo-nar6-pictures-by-pp.png","width":758,"height":242,"caption":"NAR6 Pictures"},"image":{"@id":"https:\/\/nar6.com\/#\/schema\/logo\/image\/"},"sameAs":["https:\/\/www.instagram.com\/nar6pictures\/"]}]}},"_links":{"self":[{"href":"https:\/\/nar6.com\/index.php\/wp-json\/wp\/v2\/pages\/4707","targetHints":{"allow":["GET"]}}],"collection":[{"href":"https:\/\/nar6.com\/index.php\/wp-json\/wp\/v2\/pages"}],"about":[{"href":"https:\/\/nar6.com\/index.php\/wp-json\/wp\/v2\/types\/page"}],"author":[{"embeddable":true,"href":"https:\/\/nar6.com\/index.php\/wp-json\/wp\/v2\/users\/1"}],"replies":[{"embeddable":true,"href":"https:\/\/nar6.com\/index.php\/wp-json\/wp\/v2\/comments?post=4707"}],"version-history":[{"count":5,"href":"https:\/\/nar6.com\/index.php\/wp-json\/wp\/v2\/pages\/4707\/revisions"}],"predecessor-version":[{"id":5135,"href":"https:\/\/nar6.com\/index.php\/wp-json\/wp\/v2\/pages\/4707\/revisions\/5135"}],"wp:attachment":[{"href":"https:\/\/nar6.com\/index.php\/wp-json\/wp\/v2\/media?parent=4707"}],"curies":[{"name":"wp","href":"https:\/\/api.w.org\/{rel}","templated":true}]}}